 4*c - 2 = 18. Suppose 5*a - 2561 = -2*b, -2*a - c*b + 526 = -a. What is the units digit of a?
1
What is the tens digit of (358/3)/(-1*(-8)/1020)?
1
Let t = -7606 + 12579. What is the hundreds digit of t?
9
Suppose 4*v - 324 = -4*h, -4*h - 523 = -5*v - 118. Suppose v + 177 = 4*l + n, -3*l + 196 = 2*n. What is the units digit of l?
4
Let g(l) = -134*l. Let v be g(1). Suppose -56*o + 29*o + 5157 = 0. Let c = v + o. What is the units digit of c?
7
Suppose 0 = -35*z - 32*z + 23*z + 15796. Let t be (-1 + 0)*(0 - 181). Let u = z - t. What is the hundreds digit of u?
1
Let m = 751 + -401. Let h = m + 348. What is the hundreds digit of h?
6
Let t(u) = 7060*u + 46. What is the tens digit of t(1)?
0
Suppose -2*p = -6*p - u + 5, 4*u - 4 = 0. Suppose -3*h - o = p, 4*h + 3*o + o = -4. Suppose 5*d - 15 = h, -119 = -5*s - 4*d + 18. What is the units digit of s?
5
Suppose 0*s + 3*z + 69 = s, -2*s - 2*z + 170 = 0. Let n = -26 + s. Suppose 6 = 2*k, -5*k = -v + n + 37. What is the units digit of v?
7
Let r = 5492 + -357. What is the thousands digit of r?
5
Suppose b - 2344 = 3*n + 2159, 2*n - 4518 = -b. What is the thousands digit of b?
4
Let f = -528 - -530. Suppose 4*l - 2308 = f*j + 2090, -l = 3*j - 1082. What is the thousands digit of l?
1
Let k = -33 + 41. What is the units digit of 20/k*2042*3/15?
1
Let d = -47881 + 68083. What is the ten thousands digit of d?
2
Let b = -2803 - -25618. What is the units digit of b?
5
Let q = -61843 - -86769. What is the tens digit of q?
2
Let o be -6*4/8 + 103. Suppose 0 = -o*b + 97*b + 2073. Suppose b + 109 = 5*f. What is the tens digit of f?
6
Let i(n) = -n**3 - n**2 + 3*n - 7. Let t(g) = -5*g**3 - 6*g**2 + 14*g - 36. Let q = -67 - -78. Let c(r) = q*i(r) - 2*t(r). What is the units digit of c(2)?
1
Let x = 3758 - -81. What is the hundreds digit of x?
8
Suppose 4*y = -2*p + 2, -4*y - 3 = -4*p + 13. Suppose 0*h + 3*r = -p*h + 603, -789 = -4*h - r. What is the hundreds digit of h?
1
Let y = 21934 - -14269. What is the units digit of y?
3
What is the hundreds digit of 8/6*(-686550)/(-92)?
9
Suppose -2*p + 50639 + 78964 = -5*y, 64809 = p + 5*y. What is the hundreds digit of p?
8
Suppose 0 = -3*d + 35*n - 31*n + 10, 2*d - 2*n = 10. Suppose 0 = 2*a - 4*o - 462, 6*a - d*a = -2*o - 948. What is the tens digit of a?
3
Let f(y) = 10*y**2 - 21*y - 48. Let z be f(-12). Let x = z - 1109. What is the tens digit of x?
3
Let f(d) = 10*d**3 - d**2 - 4*d + 4. Let u be f(1). Suppose -3*s - 6 = -u*s. What is the tens digit of (s/(-4) - 0)/((-8)/2336)?
7
Let a = -23 - -24. Let p(t) = 6*t**3 + 4*t**2 + 2*t - 10. Let c(s) = s**3 - s**2 - 1. Let d(m) = a*p(m) - 5*c(m). What is the tens digit of d(-8)?
4
What is the thousands digit of 102 - 85 - (-38627 - 1)?
8
Suppose 195*v - 201*v = -17088. What is the thousands digit of v?
2
Let z = -6850 + 4741. Let r = z - -3073. What is the units digit of r?
4
Suppose -5*t = -9*t - 1356. Let g = -240 - t. Let y = g + 0. What is the units digit of y?
9
Suppose 5718 = 9*b - 4127 - 86716. What is the thousands digit of b?
0
Let i(y) = 2*y**3 + 2*y**2 - 2*y - 22. What is the thousands digit of i(28)?
5
Let o(p) = -7*p - 16. Let d(c) = -4*c - 8. Let g(y) = 10*d(y) - 6*o(y). Let l be g(-9). Let j(z) = -z**3 - z**2 - 2*z - 3. What is the units digit of j(l)?
5
Suppose 21*u - 85034 = -12920. What is the units digit of u?
4
Let k(s) = -6490*s + 3936. What is the thousands digit of k(-5)?
6
Let d(a) = -a - 1. Let j be 3/(-2)*(-24)/(-36). Let t(p) = 17*p + 26. Let i(u) = j*t(u) - 4*d(u). What is the units digit of i(-5)?
3
Let b be (407/2)/11*-12. Let z = -45 - b. What is the hundreds digit of z?
1
Let v = 31 - 121. What is the units digit of (35/(-3))/(15/v)?
0
Suppose -329*o + 351*o - 98046 + 22938 = 0. What is the tens digit of o?
1
Suppose -160*u - 67*u = 6*u - 9532962. What is the units digit of u?
4
Suppose 2*w - 25 = -3*p, 5*w - 9*p - 50 = -14*p. Suppose 11*n - w*n - 1056 = 0. What is the hundreds digit of 1*-5*(-6 + n/(-5))?
2
Suppose -5*g + i + 334232 = -8671, 5*g - 342911 = 2*i. What is the units digit of g?
9
Suppose -1168029 = 69*f - 255*f + 254127. What is the tens digit of f?
4
Let k = -103924 + 164416. What is the units digit of k?
2
Let w(i) = -i**2 - 2856 - 10*i + i**3 + 2836 - 2*i**3 - 4*i**3. What is the units digit of w(-3)?
6
What is the units digit of (24624/(-135))/(-12)*(-2510)/(-4)?
8
Let n be (288/8)/(4 + -3). Suppose 43*k = n*k + 5229. What is the hundreds digit of k?
7
What is the tens digit of 8840/(-442) - (-40419 + 1)?
9
Suppose 543*i = 544*i + 6. Let w(m) = -m**3 + 8*m**2 + 9*m + 22. What is the units digit of w(i)?
2
What is the hundreds digit of 2/(-4) - 1615/102*-1245?
7
Suppose v = -5*k - 1435, 4*v + 94 - 360 = k. Suppose 2*h = -4*f - 160 - 106, -5*h = -2*f - 103. Let y = f - k. What is the tens digit of y?
2
Let k be 15/4 - (2/(-8))/1. Suppose k*f - 3*l = 361, -18*f + 88 = -17*f - 3*l. What is the tens digit of f?
9
Let b(q) = 36*q**3 + 6*q**2 - q. Suppose 0 = -17*d + 3 + 31. What is the units digit of b(d)?
0
Suppose 5*k - j + 18 = 0, 5*j + 26 = -5*k + 2*j. What is the tens digit of 254/k*(51 - 57)?
8
Suppose -4*b - 2*y = -19529 - 1501, 0 = 2*b + 5*y - 10527. What is the hundreds digit of b?
2
Let h(b) = -b**2 + 8*b - 5. Let v be h(6). Suppose -c - v = -3*j + 1, 4*c + 25 = 5*j. What is the units digit of 738/12 - j/(-2)?
2
What is the thousands digit of ((2 - 1) + 43759)*(10 - (-48)/(-5))?
7
Suppose 70*g - 698753 - 1247083 = -655176. What is the hundreds digit of g?
4
Let w = -46 + 50. Suppose w*q + 5*z = 9072, -3*q + 6*z = 5*z - 6804. Suppose 2*v = 11*v - q. What is the tens digit of v?
5
Let u be (30/(-2))/5 + (-107 - 1). Let k = -99 - u. What is the units digit of 8/(8/k*(-6)/(-4))?
8
Suppose -1254*q - 6643 = -1255*q. What is the thousands digit of q?
6
Suppose -5*q - 4*n + 15607 = 0, -4*n + 14460 - 1972 = 4*q. What is the tens digit of q?
1
Suppose 1620 + 1382 = 20*z - 2178. What is the units digit of z?
9
Suppose -k - 20*b + 19*b = -28487, -2*b + 85465 = 3*k. What is the hundreds digit of k?
4
Suppose 6*t + 68 = -448. Let r(x) = 6*x**2 + 4*x + 1. Let q be r(-5). Let z = t + q. What is the tens digit of z?
4
Let p be (4 + -70)*((-140)/4 - -1). Suppose 8*i = -p + 13484. What is the tens digit of i?
0
Let w be 6 + 6/(5/(-20)*6). Suppose w*q - 628 = 350. What is the hundreds digit of q?
4
Suppose -4*b = -3*l - 18, -6*b + b + 7 = 4*l. Suppose 5*r - 20 = -8*q + b*q, 2*q - 9 = -r. Let y(f) = -f + 29. What is the units digit of y(q)?
4
Suppose 7*y + 278 = 33. Let h = y + 121. What is the tens digit of h?
8
Let z = 1597 - 277. Let n = -797 + z. What is the tens digit of n?
2
Let j = 18 - 15. Suppose 1272 = i + j*i. What is the hundreds digit of i?
3
Let d(r) = r**3 + 6*r**2 - 2*r + 38. Let y be d(-7). Suppose 328 = m + b, -b + 505 = y*m - 479. What is the tens digit of m?
2
Suppose 2*i = -3*m + 13880, -m + 5593 = -4*i + 971. Suppose 0 = 13*q - m - 1354. What is the units digit of q?
0
Suppose k - 5*k + 4 = 0, 3*k - 7 = -2*s. Suppose s*p - 301 = 5*m - 2*m, 0 = m + 1. What is the hundreds digit of p?
1
Let i = -975 + 1898. Suppose -5*t + 1130 = r, -2*t - 3*r - i = -6*t. Let a = 8 + t. What is the units digit of a?
5
Let d = -2690 + -1134. Let a = -2560 - d. What is the thousands digit of a?
1
What is the units digit of (-48)/6 - 1361136/(-30) - (-28)/35?
4
Let v(g) = -g**3 - 7*g**2 + 2*g - 3. Let w be v(-6). Let l = -133 - w. Let b = l - -163. What is the units digit of b?
1
Suppose -36 = -5*l + 9*l + 3*p, 0 = -2*p. Let x(k) = -k**3 + k**2 + 15*k - 47. What is the hundreds digit of x(l)?
6
Let y = 5955 - -19911. What is the tens digit of y?
6
What is the units digit of (-17731)/(-7) - (7 + -2)?
8
Suppose 5*g + 92*g + 355*g = 21811260. What is the tens digit of g?
5
Let m = 11 + -6. Let q(o) = o**3 - 21*o**2 + 52*o + 41. Let t be q(18). Suppose 5*z + m = -20, -2*g + 147 = t*z. What is the tens digit of g?
8
What is the units digit of (-5 - -1271)*(8 + 2 + -8)?
2
Suppose 0*g = g - 2. Let m(q) = -g*q**2 + 6 - 18*q - q**2 + 15*q + 2*q**3. What is the tens digit of m(4)?
7
Suppose 2*v = -590 + 1982. Suppose -l + 307 = 4*j, -3*l + j + v = -212. What is the units digit of l?
3
What is the tens digit of 1982064/154 + (-18)/33 + 0?
7
Suppose 3*p + 7 = 22. Suppose d + 0 = -p, -30 = -b + 5*d.